2
Calculate the remainder when 4962 is divided by 54.
48
Calculate the remainder when 6050 is divided by 363.
242
Calculate the remainder when 240395 is divided by 46.
45
Calculate the remainder when 109406 is divided by 3907.
10
Calculate the remainder when 2428017 is divided by 21.
18
Calculate the remainder when 93948 is divided by 1341.
78
Calculate the remainder when 5678 is divided by 1112.
118
Calculate the remainder when 110508 is divided by 1151.
12
What is the remainder when 523 is divided by 413?
110
Calculate the remainder when 375335 is divided by 117.
116
What is the remainder when 46040 is divided by 15344?
8
What is the remainder when 32621 is divided by 816?
797
What is the remainder when 2475 is divided by 415?
400
Calculate the remainder when 4807 is divided by 701.
601
What is the remainder when 113750 is divided by 86?
58
Calculate the remainder when 25558 is divided by 8517.
7
What is the remainder when 15671 is divided by 3917?
3
What is the remainder when 390959 is divided by 1367?
1364
Calculate the remainder when 467527 is divided by 11.
5
Calculate the remainder when 3669 is divided by 1223.
0
What is the remainder when 193353 is divided by 8406?
15
Calculate the remainder when 26943 is divided by 5343.
228
What is the remainder when 195753 is divided by 33?
30
What is the remainder when 3077 is divided by 78?
35
What is the remainder when 43430 is divided by 282?
2
Calculate the remainder when 2696 is divided by 17.
10
What is the remainder when 737 is divided by 15?
2
Calculate the remainder when 195 is divided by 25.
20
What is the remainder when 669693 is divided by 724?
717
What is the remainder when 880295 is divided by 344?
343
What is the remainder when 1845886 is divided by 184?
182
Calculate the remainder when 4260 is divided by 1398.
66
What is the remainder when 694 is divided by 477?
217
What is the remainder when 535493 is divided by 510?
503
What is the remainder when 312406 is divided by 70?
66
What is the remainder when 18614 is divided by 18?
2
What is the remainder when 85332 is divided by 21323?
40
What is the remainder when 101709 is divided by 33879?
72
Calculate the remainder when 60783 is divided by 1599.
21
Calculate the remainder when 109749 is divided by 18289.
15
Calculate the remainder when 10906 is divided by 1215.
1186
What is the remainder when 4592 is divided by 925?
892
What is the remainder when 4980 is divided by 1651?
27
What is the remainder when 32228 is divided by 103?
92
What is the remainder when 20874 is divided by 143?
139
What is the remainder when 15967 is divided by 4678?
1933
What is the remainder when 100635 is divided by 23?
10
Calculate the remainder when 11607 is divided by 1880.
327
Calculate the remainder when 4092 is divided by 115.
67
What is the remainder when 73931 is divided by 122?
121
Calculate the remainder when 638819 is divided by 468.
467
What is the remainder when 17740 is divided by 453?
73
What is the remainder when 1913182 is divided by 288?
286
What is the remainder when 4966 is divided by 1595?
181
Calculate the remainder when 1755580 is divided by 27.
13
Calculate the remainder when 9652 is divided by 1926.
22
Calculate the remainder when 11827 is divided by 120.
67
Calculate the remainder when 32249 is divided by 75.
74
Calculate the remainder when 476575 is divided by 214.
211
Calculate the remainder when 6910 is divided by 2289.
43
Calculate the remainder when 8068 is divided by 58.
6
What is the remainder when 371482 is divided by 1704?
10
What is the remainder when 40818 is divided by 11?
8
Calculate the remainder when 1472 is divided by 56.
16
What is the remainder when 47798 is divided by 82?
74
What is the remainder when 11088954 is divided by 89?
88
Calculate the remainder when 231922 is divided by 115946.
30
Calculate the remainder when 25462 is divided by 302.
94
What is the remainder when 74159 is divided by 180?
179
Calculate the remainder when 534902 is divided by 178295.
17
Calculate the remainder when 476278 is divided by 158755.
13
Calculate the remainder when 1122 is divided by 10.
2
Calculate the remainder when 15498 is divided by 266.
70
What is the remainder when 79933 is divided by 39957?
19
Calculate the remainder when 643 is divided by 632.
11
What is the remainder when 7166037 is divided by 532?
529
What is the remainder when 2277 is divided by 277?
61
Calculate the remainder when 18616 is divided by 259.
227
Calculate the remainder when 1349100 is divided by 7.
4
What is the remainder when 894 is divided by 86?
34
Calculate the remainder when 615 is divided by 385.
230
Calculate the remainder when 2482007 is divided by 809.
804
Calculate the remainder when 2016 is divided by 11.
3
Calculate the remainder when 23651 is divided by 20.
11
What is the remainder when 36482 is divided by 33?
17
Calculate the remainder when 7869 is divided by 782.
49
Calculate the remainder when 43425 is divided by 154.
151
Calculate the remainder when 1844 is divided by 548.
200
What is the remainder when 81889 is divided by 175?
164
What is the remainder when 177749 is divided by 225?
224
What is the remainder when 1265 is divided by 418?
11
What is the remainder when 67267 is divided by 41?
27
What is the remainder when 65343 is divided by 3266?
23
Calculate the remainder when 145783 is divided by 18222.
7
What is the remainder when 1626 is divided by 306?
96
Calculate the remainder when 31279 is divided by 453.
22
What is the remainder when 12021 is divided by 29?
15
What is the remainder when 250137 is divided by 330?
327
Calculate the remainder when 817064 is divided by 813.
812
Calculate the remainder when 236079 is divided by 511.
508
What is the remainder when 463703 is divided by 32?
23
Calculate the remainder when 399 is divided by 322.
77
What is the remainder when 842605 is divided by 10031?
1
What is the remainder when 969045 is divided by 7022?
9
What is the remainder when 3008 is divided by 85?
33
Calculate the remainder when 2119 is divided by 367.
284
What is the remainder when 10955 is divided by 20?
15
What is the remainder when 1896 is divided by 200?
96
Calculate the remainder when 531 is divided by 274.
257
Calculate the remainder when 4223 is divided by 3968.
255
Calculate the remainder when 1370 is divided by 168.
26
What is the remainder when 88603 is divided by 88571?
32
Calculate the remainder when 1378364 is divided by 677.
669
What is the remainder when 7137 is divided by 277?
212
Calculate the remainder when 194897 is divided by 50.
47
What is the remainder when 359275 is divided by 45?
40
What is the remainder when 16259 is divided by 28?
19
What is the remainder when 384930 is divided by 22?
18
What is the remainder when 1631 is divided by 30?
11
What is the remainder when 49553 is divided by 678?
59
Calculate the remainder when 126541 is divided by 2812.
1
Calculate the remainder when 4956 is divided by 4926.
30
Calculate the remainder when 92551 is divided by 107.
103
What is the remainder when 3154326 is divided by 365?
361
What is the remainder when 318647 is divided by 10?
7
What is the remainder when 64483 is divided by 592?
547
Calculate the remainder when 12636 is divided by 12627.
9
Calculate the remainder when 5740 is divided by 18.
16
Calculate the remainder when 160735 is divided by 39.
16
Calculate the remainder when 65610 is divided by 937.
20
What is the remainder when 132904 is divided by 92?
56
What is the remainder when 15146 is divided by 14826?
320
Calculate the remainder when 6701 is divided by 28.
9
Calculate the remainder when 29268 is divided by 28.
8
Calculate the remainder when 1373 is divided by 8.
5
Calculate the remainder when 4859 is divided by 176.
107
What is the remainder when 14841 is divided by 24?
9
What is the remainder when 10177 is divided by 10?
7
Calculate the remainder when 9276 is divided by 63.
15
Calculate the remainder when 18304 is divided by 8.
0
Calculate the remainder when 8882 is divided by 161.
27
What is the remainder when 24983 is divided by 32?
23
What is the remainder when 22749 is divided by 22262?
487
Calculate the remainder when 2532 is divided by 361.
5
What is the remainder when 75436 is divided by 54?
52
Calculate the remainder when 13354 is divi